?
2, 5, 23
List the prime factors of 120554.
2, 7, 79, 109
What are the prime factors of 36173?
61, 593
What are the prime factors of 1418?
2, 709
What are the prime factors of 51041?
43, 1187
What are the prime factors of 150468?
2, 3, 12539
What are the prime factors of 18521?
18521
What are the prime factors of 497?
7, 71
What are the prime factors of 18643?
103, 181
What are the prime factors of 441?
3, 7
What are the prime factors of 1435?
5, 7, 41
What are the prime factors of 2530?
2, 5, 11, 23
List the prime factors of 65429.
7, 13, 719
What are the prime factors of 4302?
2, 3, 239
What are the prime factors of 18971?
61, 311
List the prime factors of 5623.
5623
What are the prime factors of 11146?
2, 5573
List the prime factors of 23747.
23747
What are the prime factors of 78967?
7, 29, 389
What are the prime factors of 1013?
1013
What are the prime factors of 54088?
2, 6761
What are the prime factors of 1959?
3, 653
What are the prime factors of 3315?
3, 5, 13, 17
List the prime factors of 127994.
2, 63997
What are the prime factors of 7620?
2, 3, 5, 127
What are the prime factors of 1415?
5, 283
List the prime factors of 5605.
5, 19, 59
List the prime factors of 87918.
2, 3, 14653
What are the prime factors of 1149?
3, 383
List the prime factors of 105532.
2, 7, 3769
List the prime factors of 2695.
5, 7, 11
List the prime factors of 1807.
13, 139
List the prime factors of 1553.
1553
List the prime factors of 8095.
5, 1619
List the prime factors of 9925.
5, 397
What are the prime factors of 12278?
2, 7, 877
List the prime factors of 2520.
2, 3, 5, 7
List the prime factors of 2255.
5, 11, 41
What are the prime factors of 7853?
7853
List the prime factors of 2311.
2311
What are the prime factors of 4872?
2, 3, 7, 29
List the prime factors of 1610.
2, 5, 7, 23
What are the prime factors of 1987?
1987
What are the prime factors of 1647?
3, 61
What are the prime factors of 140?
2, 5, 7
List the prime factors of 4173.
3, 13, 107
List the prime factors of 4289.
4289
List the prime factors of 6311.
6311
List the prime factors of 44.
2, 11
What are the prime factors of 15441?
3, 5147
List the prime factors of 44004.
2, 3, 19, 193
List the prime factors of 769.
769
What are the prime factors of 10020?
2, 3, 5, 167
What are the prime factors of 4273?
4273
What are the prime factors of 149586?
2, 3, 107, 233
What are the prime factors of 24551?
24551
What are the prime factors of 3860?
2, 5, 193
What are the prime factors of 426?
2, 3, 71
List the prime factors of 1320.
2, 3, 5, 11
What are the prime factors of 40278?
2, 3, 7, 137
List the prime factors of 391.
17, 23
What are the prime factors of 4390?
2, 5, 439
What are the prime factors of 47739?
3, 15913
What are the prime factors of 25896?
2, 3, 13, 83
List the prime factors of 1997.
1997
List the prime factors of 25677.
3, 317
List the prime factors of 3708.
2, 3, 103
What are the prime factors of 2402?
2, 1201
What are the prime factors of 7090?
2, 5, 709
List the prime factors of 3884.
2, 971
What are the prime factors of 84014?
2, 7, 17, 353
What are the prime factors of 1056?
2, 3, 11
List the prime factors of 1048.
2, 131
List the prime factors of 280.
2, 5, 7
List the prime factors of 108184.
2, 13523
What are the prime factors of 27946?
2, 89, 157
List the prime factors of 41087.
181, 227
What are the prime factors of 10585?
5, 29, 73
List the prime factors of 147545.
5, 23, 1283
List the prime factors of 252.
2, 3, 7
List the prime factors of 8719.
8719
What are the prime factors of 30810?
2, 3, 5, 13, 79
List the prime factors of 41897.
41897
List the prime factors of 18010.
2, 5, 1801
What are the prime factors of 6081?
3, 2027
List the prime factors of 874.
2, 19, 23
What are the prime factors of 503?
503
What are the prime factors of 21199?
17, 29, 43
What are the prime factors of 12286?
2, 6143
What are the prime factors of 64620?
2, 3, 5, 359
What are the prime factors of 18107?
19, 953
What are the prime factors of 1419?
3, 11, 43
List the prime factors of 51762.
2, 3, 8627
List the prime factors of 61871.
61871
What are the prime factors of 4674?
2, 3, 19, 41
What are the prime factors of 1172?
2, 293
List the prime factors of 19734.
2, 3, 11, 13, 23
What are the prime factors of 10724?
2, 7, 383
What are the prime factors of 43332?
2, 3, 23, 157
What are the prime factors of 1646?
2, 823
List the prime factors of 10084.
2, 2521
What are the prime factors of 3316?
2, 829
What are the prime factors of 144959?
17, 8527
What are the prime factors of 3397?
43, 79
List the prime factors of 58096.
2, 3631
List the prime factors of 986.
2, 17, 29
What are the prime factors of 809?
809
List the prime factors of 8399.
37, 227
What are the prime factors of 530?
2, 5, 53
What are the prime factors of 8100?
2, 3, 5
List the prime factors of 390.
2, 3, 5, 13
List the prime factors of 52025.
5, 2081
List the prime factors of 6547.
6547
List the prime factors of 422.
2, 211
What are the prime factors of 3779?
3779
List the prime factors of 9599.
29, 331
List the prime factors of 16523.
13, 31, 41
What are the prime factors of 74515?
5, 7, 2129
List the prime factors of 52590.
2, 3, 5, 1753
What are the prime factors of 1555?
5, 311
List the prime factors of 1174.
2, 587
What are the prime factors of 1472?
2, 23
List the prime factors of 8221.
8221
What are the prime factors of 495?
3, 5, 11
List the prime factors of 7815.
3, 5, 521
List the prime factors of 6566.
2, 7, 67
List the prime factors of 10703.
7, 11, 139
List the prime factors of 5459.
53, 103
List the prime factors of 29174.
2, 29, 503
List the prime factors of 780.
2, 3, 5, 13
List the prime factors of 329.
7, 47
List the prime factors of 99707.
99707
What are the prime factors of 9692?
2, 2423
List the prime factors of 54.
2, 3
What are the prime factors of 6164?
2, 23, 67
List the prime factors of 32158.
2, 7, 2297
List the prime factors of 746.
2, 373
What are the prime factors of 1371?
3, 457
What are the prime factors of 9788?
2, 2447
List the prime factors of 101676.
2, 3, 37, 229
List the prime factors of 2871.
3, 11, 29
What are the prime factors of 48205?
5, 31, 311
List the prime factors of 18423.
3, 23, 89
What are the prime factors of 5608?
2, 701
What are the prime factors of 35530?
2, 5, 11, 17, 19
What are the prime factors of 2467?
2467
What are the prime factors of 128791?
13, 9907
List the prime factors of 4442.
2, 2221
List the prime factors of 57238.
2, 28619
What are the prime factors of 1163?
1163
List the prime factors of 4133.
4133
What are the prime factors of 9631?
9631
List the prime factors of 34272.
2, 3, 7, 17
What are the prime factors of 143753?
29, 4957
What are the prime factors of 28407?
3, 17, 557
List the prime factors of 82310.
2, 5, 8231
What are the prime factors of 4457?
4457
What are the prime factors of 52418?
2, 26209
List the prime factors of 727.
727
What are the prime factors of 329?
7, 47
List the prime factors of 9363.
3, 3121
List the prime factors of 111313.
157, 709
List the prime factors of 7821.
3, 11, 79
List the prime factors of 1462.
2, 17, 43
List the prime factors of 19624.
2, 11, 223
List the prime factors of 43.
43
What are the prime factors of 4065?
3, 5, 271
What are the prime factors of 58707?
3, 11, 593
List the prime factors of 28782.
2, 3, 13, 41
What are the prime factors of 1651?
13, 127
What are the prime factors of 518?
2, 7, 37
List the prime factors of 20827.
59, 353
List the prime factors of 1386.
2, 3, 7, 11
What are the prime factors of 1649?
17, 97
List the prime factors of 5372.
2, 17, 79
List the prime factors of 1467.
3, 163
What are the prime factors of 1691?
19, 89
List the prime factors of 550.
2, 5, 11
List the prime factors of 16244.
2, 31, 131
What are the prime factors of 39201?
3, 73, 179
What are the prime factors of 4467?
3, 1489
List the prime factors of 56694.
2, 3, 11, 859
List the prime factors of 387.
3, 43
What are the prime factors of 517?
11, 47
List the prime factors of 895.
5, 179
What are the prime factors of 457?
457
What are the prime factors of 93195?
3, 5, 19, 109
List the prime factors of 1358.
2, 7, 97
List the prime factors of 94729.
43, 2203
What are the prime factors of 1690?
2, 5, 13
List the prime factors of 27